the remainder when 265 is divided by h(8)?
29
Suppose 5*y - 70 = -0*y. Suppose -4*a = 5*f - 40 - 758, 13*f + 699 = 3*a. Calculate the remainder when a is divided by y.
11
Suppose -3368*i + 3369*i = 46. Calculate the remainder when 1286 is divided by i.
44
Let a(x) = -x**2 + 5*x - 3. Let r = 20 - 16. Calculate the remainder when r is divided by a(3).
1
Suppose 0 = -p + 3*a + 101, -17*p + 292 = -14*p + 2*a. What is the remainder when 303 is divided by p?
9
Suppose -480 = -2*f + 5*q, 2*f = -f + q + 720. Calculate the remainder when f is divided by 41.
35
Suppose c + 3 + 0 = 0. Let d be 3 + c/(3/(-154)). Let r = -73 + d. Calculate the remainder when r is divided by 22.
18
Let w = 1119 + -1018. Calculate the remainder when w is divided by 16.
5
Suppose 12*r = -5*r + 306. Calculate the remainder when r is divided by 9.
0
Suppose 10*m - 94 = 186. Calculate the remainder when 40 is divided by m.
12
Let b(p) = 43*p**2 - 3*p - 3. What is the remainder when 200 is divided by b(-1)?
28
Let d be 8/7*(-84)/(-24). Let x(b) = 6*b - 3. Let s be x(d). Suppose 3*z - 2*k - 42 = s, k = 5*z - 112. Calculate the remainder when z is divided by 13.
10
Let g(l) = 5*l**3 - l**2 - 6*l - 7. Let u(h) = -11*h**3 + 3*h**2 + 13*h + 15. Let s(o) = 13*g(o) + 6*u(o). Calculate the remainder when 28 is divided by s(4).
13
Suppose 0 = -15*p + 1814 + 4471. Calculate the remainder when p is divided by 70.
69
Let r(f) = 10*f - 5. Let m(s) = 3*s**3 - 1. Let i be m(1). Let t be r(i). Let j = t + -2. What is the remainder when 36 is divided by j?
10
Let m = 6 - 2. Let t(w) = w**3 + w**2 + 119. What is the remainder when t(0) is divided by 155/5 - (m - 3)?
29
Let o = -4 + -65. Let y = -36 - o. What is the remainder when y is divided by 18?
15
Let w be (303 + -2 - 2) + -3. Suppose 4*t = -0*q - 2*q + 114, -t - w = -5*q. Calculate the remainder when q is divided by 16.
11
Suppose -4*r - 4*t = -3*r - 40, 3*r - 5*t = 205. Calculate the remainder when r is divided by 16.
12
Let m = 29 - -24. Let z be 0/1 + -2 + 1. What is the remainder when m is divided by z + 5*(0 - -3)?
11
Suppose 3*j - 6*j + 39 = 0. Let f(n) = 24*n + 2 - j*n - 9*n. Calculate the remainder when 26 is divided by f(6).
12
Suppose 196*l = 200*l - 44. What is the remainder when 43 is divided by l?
10
Suppose -4 = -4*w + 4. Suppose w*z - 4*d + 34 = 4*z, 2*z + 5*d = 39. What is the remainder when (z/21)/((-2)/(-354)) is divided by 15?
14
Suppose 4*y = -5*x + 8, 7*x - 2*x + y = 2. Let k(h) = h**3 + 3*h**2 - h + 124. What is the remainder when k(x) is divided by 18?
16
Let v = -101 + 110. Let k(l) = 4*l**2 + l. Calculate the remainder when v is divided by k(1).
4
Suppose 6*r - 50 = -2*a + 2*r, 3*a - 5*r - 64 = 0. Let o = 1173 - 1166. What is the remainder when a is divided by o?
2
Let k(q) = q**2 + 5*q + 2. Let m be k(-5). Let s(g) = 26*g + 783. Calculate the remainder when s(-28) is divided by m*-1 + (-48)/(-3).
13
Suppose -5*a + 125 = -5. What is the remainder when a is divided by (154/(-11))/(2/(-2))?
12
Suppose 313 = 5*o - 4*c, 5*c + 315 = 3*o + 2*o. What is the remainder when 109 is divided by o?
48
Suppose -4*v - 3*v = -287. Suppose 0 = 4*o - 5*i - 54, 4*i = 6*o - 2*o - 52. Calculate the remainder when v is divided by o.
8
Suppose c - 18*u + 13*u - 62 = 0, -c + 54 = -3*u. What is the remainder when 202 is divided by c?
34
Suppose -t - 3*t + 5*c + 31 = 0, -3*c = -3. Suppose 2*z + t = 27. Suppose -o - o = -8. Calculate the remainder when z is divided by o.
1
Suppose 0 = 2*r + 8, 3*r + 51 = 3*g - 525. What is the remainder when g is divided by 19?
17
Let i(s) = 12*s + 59. Let q(k) = -18*k - 88. Let v(g) = 8*i(g) + 5*q(g). What is the remainder when 46 is divided by v(-4)?
6
Suppose -628 = -4*y - 20. Suppose -35*l = -3267 + 2182. Calculate the remainder when y is divided by l.
28
Let a = 343 + -186. Calculate the remainder when a is divided by 53.
51
Suppose 4*i = -3*j + 547 - 105, 0 = 5*i - 2*j - 541. Let f = 183 - i. What is the remainder when f is divided by 19?
17
Let f = 130 + -125. Calculate the remainder when (-330)/(-12)*4/5 is divided by f.
2
Suppose z + 21 - 55 = -4*i, 5*z - 50 = 4*i. What is the remainder when z is divided by 5?
4
Let y(c) = -7*c - 8. Let u(s) = -s**2 - 16*s + 46. Let x be u(-19). What is the remainder when y(x) is divided by 18?
15
Let r(f) = -8*f + 3. Let l be (-1)/(-2) + (-20)/8. Let u = l - 3. What is the remainder when r(u) is divided by 11?
10
Suppose b + 0*l = -3*l - 5, 7 = -b - 4*l. Let z be (-1)/2 - 38/(-4). Suppose 3*g + z = 6*g. Calculate the remainder when g is divided by b.
0
Suppose -3*t = -2*t. Suppose 290 = -t*v + 5*v. Suppose -o - 9 + v = 0. Calculate the remainder when o is divided by 13.
10
Let h be 2/1 - 0/8. Suppose 0 = n - 3*u - 17, n + u - 11 = -h*n. Calculate the remainder when 38 is divided by n.
3
Let y = -823 + 829. What is the remainder when 188 is divided by y?
2
Suppose -2*y - 2*g = -7*g - 54, -3*y - g = -98. Calculate the remainder when 118 is divided by y.
22
Let x = -28 + 17. Let j(z) = z**2 + 11*z + 12. What is the remainder when 45 is divided by j(x)?
9
Suppose -5*j + 125 = -5*m, 0*j + 75 = 3*j + 5*m. Calculate the remainder when 346 is divided by j.
21
Let s = -4 + 34. Let h = -22 + s. Suppose 21*g - 49 = 14*g. What is the remainder when h is divided by g?
1
What is the remainder when 161 is divided by ((-15)/(-6))/((-5)/(-130)) + -2?
35
Let g = -974 + 1061. What is the remainder when 177 is divided by g?
3
Let f = -34 + 55. Calculate the remainder when 34 is divided by f.
13
Let b = 16 - 12. Let w(n) = -5 + 5*n + n**2 + 36 - b*n. What is the remainder when w(0) is divided by 8?
7
Suppose -3*i = 0, a - 25 = 6*a - 5*i. Let z(f) = 11*f + 3*f**2 + 5*f**2 + 10 - 6*f**2. What is the remainder when 19 is divided by z(a)?
4
Let j = 243 - 209. Calculate the remainder when j is divided by 5.
4
Suppose 6*t + 44 = 10*t. Calculate the remainder when (-8022)/(-77) + (-2)/t is divided by 35.
34
What is the remainder when 3 - 0/3 - -47 is divided by 13?
11
Let g(o) = o**2 - 9*o + 7. Let l be g(12). Suppose 1 = -3*c + l. What is the remainder when 37 is divided by c?
9
Let c = -61 - -118. What is the remainder when c is divided by 21?
15
Suppose -3*g + 3 = 153. Calculate the remainder when (10/(-4))/(5/g) is divided by 10.
5
Calculate the remainder when 310 is divided by (-3)/(-10)*5*26.
37
Suppose v - 8 = -5*t, 0 = 8*v - 6*v + 4. Suppose 3*o + t*o + 15 = 0. Calculate the remainder when (o/(-2))/(51/748) is divided by 12.
10
Let z be (-3)/(-6) - 41/(-2). Suppose -z = -5*d + 24. Suppose 5*l - d + 4 = 0. What is the remainder when 1 is divided by l?
0
Let m = 323 - 294. Suppose 5*l - 45 = -20. Calculate the remainder when m is divided by l.
4
Suppose -40*w - 8*w = -24*w - 624. Calculate the remainder when 1 - -6*(-46)/(-4) is divided by w.
18
Let g = -60 + 58. Suppose -x + 5*x = 92. Calculate the remainder when g/(-3) - 254/(-6) is divided by x.
20
Let t = 13 + -10. Suppose -351 = -6*u + t*u. What is the remainder when u is divided by 20?
17
Let k(s) = s**3 + 2*s**2 + 5*s - 3. What is the remainder when k(3) is divided by -4*5*(-27)/45?
9
Suppose 0 = 4*j + d - 11, 5*d = -2*j + 2*d - 7. Suppose -z = -j*z - 3*x + 54, -5*z - 4*x = -87. What is the remainder when 36 is divided by z?
6
Suppose -26*n + 523 - 55 = 0. What is the remainder when 310 is divided by n?
4
What is the remainder when (-6)/(-1) + (-14 - -45) is divided by 7?
2
Suppose 448 = 41*w - 2053. Calculate the remainder when 361 is divided by w.
56
Let z = -6 + 20. Let l(r) = -r**2 + 8*r + 45. Let v be l(16). Let d = -44 - v. Calculate the remainder when d is divided by z.
11
Let b = 78 + -57. What is the remainder when 83 is divided by b?
20
Let x = -14 + 23. Suppose 8 = 13*t - x*t. What is the remainder when 9 is divided by t?
1
What is the remainder when 6 + (-7)/(42/(-642)) is divided by 30?
23
Suppose -5*l + z + 4 = -9, 5*z = 2*l + 4. Suppose 2*r = 6*r - 3*p - 47, r - l*p - 23 = 0. Calculate the remainder when 22 is divided by r.
6
Suppose -6*k + 1168 = 2*k. Let q = -77 - -114. What is the remainder when k is divided by q?
35
Let i(h) = 4*h**2 + 3*h + 1. Let o = 1 - 3. Let p = 107 + -87. Calculate the remainder when p is divided by i(o).
9
Suppose -5*i + 216 = 4*i. Suppose a + z - 26 = 0, a - i - 10 = -3*z. What is th